{"id":120,"date":"2013-03-18T13:22:19","date_gmt":"2013-03-18T12:22:19","guid":{"rendered":"http:\/\/infoguide-online.de\/?page_id=120"},"modified":"2018-04-30T14:48:46","modified_gmt":"2018-04-30T13:48:46","slug":"an-und-abfahrt","status":"publish","type":"page","link":"https:\/\/infoguide-online.de\/?page_id=120","title":{"rendered":"Public Viewing&#8230;"},"content":{"rendered":"<p><strong>&#8230;an der K\u00fcste\u00a0 und im Binnenland &#8211; Gemeinsam\u00a0 jubeln!<\/strong><\/p>\n<p><strong>Fu\u00dfballfans z\u00e4hlen die Tage. Doch bis Mitte Juni werden Sie sich noch gedulden m\u00fcssen.<\/strong><br \/>\n<strong>Dann aber finden sich p\u00fcnktlich zu den Spielen wieder Einheimische und Urlauber vor den <\/strong><strong>Leinw\u00e4nden an der Ostsee und im Achterland zusammen, um gemeinsam die Fu\u00dfballweltmeisterschaft in Russland zu verfolgen. Die ersten \u00dcbertagungsorte stehen schon fest. Da wollen wir Sie nicht l\u00e4nger auf die Folter spannen und verraten Ihnen einige Details dazu.<\/strong><\/p>\n<div id=\"attachment_587\" style=\"width: 843px\" class=\"wp-caption aligncenter\"><a href=\"https:\/\/infoguide-online.de\/wp-content\/uploads\/2013\/03\/Public-Viewing-TSNT.jpg\"><img loading=\"lazy\" decoding=\"async\" aria-describedby=\"caption-attachment-587\" class=\"size-full wp-image-587\" src=\"https:\/\/infoguide-online.de\/wp-content\/uploads\/2013\/03\/Public-Viewing-TSNT.jpg\" alt=\"\u00a9TSNT\" width=\"833\" height=\"500\" srcset=\"https:\/\/infoguide-online.de\/wp-content\/uploads\/2013\/03\/Public-Viewing-TSNT.jpg 833w, https:\/\/infoguide-online.de\/wp-content\/uploads\/2013\/03\/Public-Viewing-TSNT-300x180.jpg 300w, https:\/\/infoguide-online.de\/wp-content\/uploads\/2013\/03\/Public-Viewing-TSNT-768x461.jpg 768w, https:\/\/infoguide-online.de\/wp-content\/uploads\/2013\/03\/Public-Viewing-TSNT-624x375.jpg 624w\" sizes=\"auto, (max-width: 833px) 100vw, 833px\" \/><\/a><p id=\"caption-attachment-587\" class=\"wp-caption-text\">\u00a9TSNT<\/p><\/div>\n<p>Die Timmendorfer Strand Niendorf Tourismus GmbH hat jetzt mitgeteilt, dass es auch bei dieser Weltmeisterschaft wieder Public-Viewing-M\u00f6glichkeiten f\u00fcr G\u00e4ste und Einheimische geben wird. Alle Spiele werden auf einer 11 Quadratmeter gro\u00dfen LED-Leinwand \u00fcbertragen. Allerdings stand bei Redaktionsschluss noch nicht fest, wo die Leinwand aufgestellt sein wird. Demn\u00e4chst finden Sie Infos unter <a href=\"http:\/\/www.timmendorfer-strand.de\">www.timmendorfer-strand.de<\/a>.<\/p>\n<p>Ebenso in Gr\u00f6mitz k\u00f6nnen Sie gemeinsam den Spielen zuschauen. Der Tourismus-Service hat best\u00e4tigt, dass das Public Viewing in der Sommer-Arena direkt am Strand stattfinden wird. Direkt neben der Seebr\u00fccke sind dann zwei Trib\u00fcnen mit einer 15 Quadratmeter gro\u00dfen Leinwand aufgebaut. In der Mitte stehen Liegest\u00fchle, so dass Sie ganz entspannt mit den F\u00fc\u00dfen im Sand dabei sein k\u00f6nnen. Sofern das Wetter es zul\u00e4sst, werden alle Spiele der WM \u00fcbertragen. Bei ausgew\u00e4hlten Spielen werden zudem Warm-Up- bzw. After-Fu\u00dfball-Partys angeboten. F\u00fcr Cocktails, Getr\u00e4nke und Snacks wird in der Arena gesorgt sein. Infos unter <a href=\"http:\/\/www.groemitz.de\">www.groemitz.de<\/a>.<\/p>\n<p>\u00dcbrigens, wer sich w\u00e4hrend der Spiele gerade in L\u00fcbeck aufh\u00e4lt, hat auch dort die M\u00f6glichkeit, die Weltmeisterschaft mit anderen Fu\u00dfballfans zu verfolgen. Die Musik- und Kongresshalle bietet Public Viewing wieder an. Die Einzelheiten finden Sie demn\u00e4chst unter <a href=\"http:\/\/www.muk.de\">www.muk.de<\/a>.<\/p>\n","protected":false},"excerpt":{"rendered":"<p>&#8230;an der K\u00fcste\u00a0 und im Binnenland &#8211; Gemeinsam\u00a0 jubeln! Fu\u00dfballfans z\u00e4hlen die Tage. Doch bis Mitte Juni werden Sie sich noch gedulden m\u00fcssen. Dann aber finden sich p\u00fcnktlich zu den Spielen wieder Einheimische und Urlauber vor den Leinw\u00e4nden an der Ostsee und im Achterland zusammen, um gemeinsam die Fu\u00dfballweltmeisterschaft in Russland zu verfolgen. Die ersten [&hellip;]<\/p>\n","protected":false},"author":1,"featured_media":0,"parent":7,"menu_order":9,"comment_status":"closed","ping_status":"closed","template":"","meta":{"footnotes":""},"class_list":["post-120","page","type-page","status-publish","hentry"],"_links":{"self":[{"href":"https:\/\/infoguide-online.de\/index.php?rest_route=\/wp\/v2\/pages\/120","targetHints":{"allow":["GET"]}}],"collection":[{"href":"https:\/\/infoguide-online.de\/index.php?rest_route=\/wp\/v2\/pages"}],"about":[{"href":"https:\/\/infoguide-online.de\/index.php?rest_route=\/wp\/v2\/types\/page"}],"author":[{"embeddable":true,"href":"https:\/\/infoguide-online.de\/index.php?rest_route=\/wp\/v2\/users\/1"}],"replies":[{"embeddable":true,"href":"https:\/\/infoguide-online.de\/index.php?rest_route=%2Fwp%2Fv2%2Fcomments&post=120"}],"version-history":[{"count":11,"href":"https:\/\/infoguide-online.de\/index.php?rest_route=\/wp\/v2\/pages\/120\/revisions"}],"predecessor-version":[{"id":665,"href":"https:\/\/infoguide-online.de\/index.php?rest_route=\/wp\/v2\/pages\/120\/revisions\/665"}],"up":[{"embeddable":true,"href":"https:\/\/infoguide-online.de\/index.php?rest_route=\/wp\/v2\/pages\/7"}],"wp:attachment":[{"href":"https:\/\/infoguide-online.de\/index.php?rest_route=%2Fwp%2Fv2%2Fmedia&parent=120"}],"curies":[{"name":"wp","href":"https:\/\/api.w.org\/{rel}","templated":true}]}}