{"id":942,"date":"2020-09-02T14:18:47","date_gmt":"2020-09-02T13:18:47","guid":{"rendered":"https:\/\/infoguide-online.de\/?page_id=942"},"modified":"2020-09-02T14:19:09","modified_gmt":"2020-09-02T13:19:09","slug":"dlrg-retter-im-einsatz","status":"publish","type":"page","link":"https:\/\/infoguide-online.de\/?page_id=942","title":{"rendered":"DLRG &#8211; Retter im Einsatz"},"content":{"rendered":"<p><strong>Endlich wieder Wasservergn\u00fcgen in der Ostsee. An den Str\u00e4nden tummeln sich kleine und gro\u00dfe Meeresfans. Zur Abk\u00fchlung geht\u2018s ins oder aufs Wasser. Ob mit Tretboot, Board oder <\/strong><strong>Luftmatratze \u2013 Spa\u00df macht das in jedem Fall. Doch leider untersch\u00e4tzen Menschen immer wieder Wind, Wellen und Str\u00f6mungen und \u00fcbersch\u00e4tzen ihre eigenen Kr\u00e4fte. Zum Gl\u00fcck <\/strong><strong>sorgt die DLRG an unseren Str\u00e4nden f\u00fcr Sicherheit. Da kann man nur w\u00fcnschen, dass Schwimmer und Wassersportler sich und andere nicht leichtfertig in Gefahr bringen. <\/strong><strong>Die K\u00fcstenorte zwischen Scharbeutz und Neustadt in Holstein wurden mit dem internationalen Pr\u00e4dikat &#8222;Lifeguarded Beach &#8211; Bewachter Strand&#8220; ausgezeichnet. International zertifizierte <\/strong><strong>Gutachter des europ\u00e4ischen Verbandes haben den Strand der L\u00fcbecker Bucht gepr\u00fcft und detailliert bewertet. Das Ergebnis: Unsere Str\u00e4nde verf\u00fcgen \u00fcber eine sehr gute Ausstattung an <\/strong><strong>Lebensrettern und Material zur Vorbeugung von Unf\u00e4llen sowie f\u00fcr Rettungs- und Erste-Hilfe-Ma\u00dfnahmen. 2019 rettete die DLRG zum Beispiel 35 Personen aus der Ostsee. In dem Jahr <\/strong><strong>sorgten zwischen Scharbeutz und Pelzerhaken im Sommer bis zu 100 Rettungsschwimmer f\u00fcr die Sicherheit der Badeg\u00e4ste. Die vielen Retter reisen jedes Jahr aus ganz Deutschland an die <\/strong><strong>Ostseek\u00fcste und setzten sich an ihren eigenen Urlaubstagen ehrenamtlich ein. 1.200 Eins\u00e4tze wurden in der vergangenen Badesaison in der Region gez\u00e4hlt.<\/strong><\/p>\n<div id=\"attachment_944\" style=\"width: 810px\" class=\"wp-caption aligncenter\"><a href=\"https:\/\/infoguide-online.de\/wp-content\/uploads\/2020\/09\/DLRG-1.jpg\"><img loading=\"lazy\" decoding=\"async\" aria-describedby=\"caption-attachment-944\" class=\"size-full wp-image-944\" src=\"https:\/\/infoguide-online.de\/wp-content\/uploads\/2020\/09\/DLRG-1.jpg\" alt=\"\u00a9 DLRG e.V.\" width=\"800\" height=\"504\" srcset=\"https:\/\/infoguide-online.de\/wp-content\/uploads\/2020\/09\/DLRG-1.jpg 800w, https:\/\/infoguide-online.de\/wp-content\/uploads\/2020\/09\/DLRG-1-300x189.jpg 300w, https:\/\/infoguide-online.de\/wp-content\/uploads\/2020\/09\/DLRG-1-768x484.jpg 768w, https:\/\/infoguide-online.de\/wp-content\/uploads\/2020\/09\/DLRG-1-624x393.jpg 624w\" sizes=\"auto, (max-width: 800px) 100vw, 800px\" \/><\/a><p id=\"caption-attachment-944\" class=\"wp-caption-text\">\u00a9 DLRG e.V.<\/p><\/div>\n<p><strong>Die Ostsee &#8211; N<\/strong><strong>icht zu untersch\u00e4tzen<br \/>\n<\/strong>Das Baden und Schwimmen im Meer ist nat\u00fcrlich gef\u00e4hrlicher als in den Binnengew\u00e4ssern. In kurzer Zeit \u00e4ndert sich oft der Grund, Tiefen entstehen, Sandb\u00e4nke bilden sich oder verschwinden. Wind und Str\u00f6mung, gutes und schlechtes Wetter beeinflussen dauernd das Wasser. Das ruhigste Badegebiet kann durch umschlagenden Wind und ung\u00fcnstig laufende Str\u00f6mung innerhalb weniger Minuten zum tosenden Meer werden. Deshalb niemals an unbewachten Stellen rausschwimmen und an bewachten Stellen immer auf die Sicherheitsbeflaggung achten! Eine zus\u00e4tzlich am Mast der Wachstation gesetzte gelbe Flagge signalisiert ein Badeverbot f\u00fcr unge\u00fcbte Schwimmer, Kinder und \u00e4ltere Personen wegen ungeeigneter Wasser- und Wetterbedingungen. Und eine einzelne rote Flagge bedeutet ein generelles Badeverbot, an das sich leider nicht immer jeder h\u00e4lt.<\/p>\n<p><strong>Ganz wichtig: Schwimmen lernen!<\/strong><br \/>\nImmer weniger Menschen k\u00f6nnen schwimmen und dabei handelt es sich nicht nur um Kinder. Auch viele Erwachsene haben nicht richtig schwimmen gelernt. Und dabei nimmt die Zahl derer, die es nicht k\u00f6nnen, immer mehr ab. \u00dcber 60 % der Jungen und M\u00e4dchen k\u00f6nnen am Ende der Grundschulzeit nicht richtig schwimmen. Sind Sie im Urlaub mit ihren Kindern an der Ostsee, gibt es verschiedene M\u00f6glichkeiten, es zu lernen. Die DLRG<br \/>\nist f\u00fchrend in der Ausbildung von Schwimmanf\u00e4ngern, Schwimmern und Rettungsschwimmern in ganz Deutschland.<br \/>\nIm Bereich der L\u00fcbecker Bucht und im Kreis Ostholstein ist die DLRG mit 17 Ortsgruppen und \u00fcber 5.700 Mitgliedern aktiv. In Bad Schwartau, Bliesdorf-Brodau, Dahme, Eutin, Fehmarn, Gr\u00f6mitz, Gro\u00dfenbrode, Haffkrug-Scharbeutz, Heiligenhafen, Hutzfeld-Bosau, Kellenhusen, Lensahn, Malente, Neustadt, Timmendorfer Strand und Weissenh\u00e4user Strand findet man die engagierten Retter ebenso wie in L\u00fcbeck. Infos gibt es unter: www.dlrg.de\/plz-suche. Sie bieten in der Regel Kurse f\u00fcr Schwimmanf\u00e4nger ebenso an wie weiterf\u00fchrende Schwimm- und Rettungsschwimmausbildungen. Melden Sie sich rechtzeitig daf\u00fcr an. Auch in den Schwimmhallen, die jetzt wieder \u00f6ffnen, finden Schwimmkurse statt. In einem Extratext \u00fcber Schwimmb\u00e4der der Region finden Sie weitere Hinweise.<\/p>\n<p><strong>&#8222;Lifeguards&#8220; gesucht!<\/strong><br \/>\nWer hat Lust mitzumachen? Die DLRG braucht immer Rettungsschwimmerinnen und -schwimmer. Voraussetzungen sind ein Mindestalter von 16 Jahren und ein Wachdienst von 14 Tagen in der Regel. Das Deutsche Rettungsschwimmabzeichen (DRSA) Silber sollte nicht \u00e4lter als zwei Jahre sein und inklusive einer Ersten-Hilfe-Ausbildung. Es gibt ein Taschengeld, Unterkunft vor Ort und Verpflegung ist frei. Au\u00dferdem kann man seine Kompetenzen erweitern unter anderem als Ausbilder im Schwimmen oder Rettungsschwimmen, im Einsatz f\u00fcr den Wasserrettungsdienst, als Wach- oder Bootsf\u00fchrer, Sanit\u00e4ter oder im Bereich \u00d6ffentlichkeitsarbeit. Die M\u00f6glichkeiten sind vielseitig. Nur Freude an der ehrenamtlichen Arbeit und am Schwimmen sollten Sie mitbringen. Interessierte finden weitere Infos unter www.zwrd.dlrg.de und k\u00f6nnen sich direkt online f\u00fcr einen Einsatz als Rettungsschwimmer bewerben!<\/p>\n","protected":false},"excerpt":{"rendered":"<p>Endlich wieder Wasservergn\u00fcgen in der Ostsee. An den Str\u00e4nden tummeln sich kleine und gro\u00dfe Meeresfans. Zur Abk\u00fchlung geht\u2018s ins oder aufs Wasser. Ob mit Tretboot, Board oder Luftmatratze \u2013 Spa\u00df macht das in jedem Fall. Doch leider untersch\u00e4tzen Menschen immer wieder Wind, Wellen und Str\u00f6mungen und \u00fcbersch\u00e4tzen ihre eigenen Kr\u00e4fte. Zum Gl\u00fcck sorgt die DLRG [&hellip;]<\/p>\n","protected":false},"author":1,"featured_media":0,"parent":7,"menu_order":1,"comment_status":"closed","ping_status":"closed","template":"","meta":{"footnotes":""},"class_list":["post-942","page","type-page","status-publish","hentry"],"_links":{"self":[{"href":"https:\/\/infoguide-online.de\/index.php?rest_route=\/wp\/v2\/pages\/942","targetHints":{"allow":["GET"]}}],"collection":[{"href":"https:\/\/infoguide-online.de\/index.php?rest_route=\/wp\/v2\/pages"}],"about":[{"href":"https:\/\/infoguide-online.de\/index.php?rest_route=\/wp\/v2\/types\/page"}],"author":[{"embeddable":true,"href":"https:\/\/infoguide-online.de\/index.php?rest_route=\/wp\/v2\/users\/1"}],"replies":[{"embeddable":true,"href":"https:\/\/infoguide-online.de\/index.php?rest_route=%2Fwp%2Fv2%2Fcomments&post=942"}],"version-history":[{"count":1,"href":"https:\/\/infoguide-online.de\/index.php?rest_route=\/wp\/v2\/pages\/942\/revisions"}],"predecessor-version":[{"id":945,"href":"https:\/\/infoguide-online.de\/index.php?rest_route=\/wp\/v2\/pages\/942\/revisions\/945"}],"up":[{"embeddable":true,"href":"https:\/\/infoguide-online.de\/index.php?rest_route=\/wp\/v2\/pages\/7"}],"wp:attachment":[{"href":"https:\/\/infoguide-online.de\/index.php?rest_route=%2Fwp%2Fv2%2Fmedia&parent=942"}],"curies":[{"name":"wp","href":"https:\/\/api.w.org\/{rel}","templated":true}]}}