{"id":946,"date":"2020-09-02T14:23:37","date_gmt":"2020-09-02T13:23:37","guid":{"rendered":"https:\/\/infoguide-online.de\/?page_id=946"},"modified":"2020-09-02T14:23:37","modified_gmt":"2020-09-02T13:23:37","slug":"geliebte-vierbeiner","status":"publish","type":"page","link":"https:\/\/infoguide-online.de\/?page_id=946","title":{"rendered":"Geliebte Vierbeiner"},"content":{"rendered":"<p><strong>&#8230;wir d\u00fcrfen mit!<\/strong><\/p>\n<p><strong>Koffer packen und ab an die Ostsee. Da freut sich auch Ihr vierbeiniger Freund und steht sicher schon schwanzwedelnd neben Ihnen, wenn Sie Ihre Siebensachen zusammensuchen. An der L\u00fcbecker Bucht und im Binnenland sind auch Hunde herzlich willkommen. Sie d\u00fcrfen w\u00e4hrend der Hauptsaison zwar nicht \u00fcberall an den Strand, daf\u00fcr gibt es extra f\u00fcr sie an der Ostsee Hundestr\u00e4nde, wo sie nach Herzenslust herumtollen d\u00fcrfen. Auch spezielle Hundeausl\u00e4ufe sind in manchen Orten zu finden, zum Beispiel bei Scharbeutz.<\/strong><\/p>\n<div id=\"attachment_947\" style=\"width: 810px\" class=\"wp-caption aligncenter\"><a href=\"https:\/\/infoguide-online.de\/wp-content\/uploads\/2020\/09\/Depositphotos_27435471_xl-2015.jpg\"><img loading=\"lazy\" decoding=\"async\" aria-describedby=\"caption-attachment-947\" class=\"size-full wp-image-947\" src=\"https:\/\/infoguide-online.de\/wp-content\/uploads\/2020\/09\/Depositphotos_27435471_xl-2015.jpg\" alt=\"Foto: \u00a9tanyxa333 - depositphotos.com  \" width=\"800\" height=\"532\" srcset=\"https:\/\/infoguide-online.de\/wp-content\/uploads\/2020\/09\/Depositphotos_27435471_xl-2015.jpg 800w, https:\/\/infoguide-online.de\/wp-content\/uploads\/2020\/09\/Depositphotos_27435471_xl-2015-300x200.jpg 300w, https:\/\/infoguide-online.de\/wp-content\/uploads\/2020\/09\/Depositphotos_27435471_xl-2015-768x511.jpg 768w, https:\/\/infoguide-online.de\/wp-content\/uploads\/2020\/09\/Depositphotos_27435471_xl-2015-624x415.jpg 624w\" sizes=\"auto, (max-width: 800px) 100vw, 800px\" \/><\/a><p id=\"caption-attachment-947\" class=\"wp-caption-text\">Foto: \u00a9tanyxa333 &#8211; depositphotos.com<\/p><\/div>\n<p>Infos gibt\u2019s unter <a href=\"http:\/\/www.hundeauslauf-scharbeutz.de\">www.hundeauslauf-scharbeutz.de<\/a>.<\/p>\n<p>Reisen Sie mit dem Wagen an, ist das f\u00fcr den Hund in den meisten F\u00e4llen ganz bequem, Hauptsache Frauchen und Herrchen sind dabei. Dabei ist es sinnvoll, ihn hinter einem Absperrnetz oder -gitter hinzusetzen. Alternativ l\u00e4sst er sich auch mit einem speziellen Sicherheitsgurt anschnallen. Denken Sie auch unbedingt daran, alles Wichtige f\u00fcr Ihren tierischen Liebling dabeizuhaben. N\u00e4pfe f\u00fcr Futter und Wasser sowie das Lieblingsspielzeug und eine Decke sollten Sie nicht vergessen. Nehmen Sie lieber auch das gewohnte Futter mit, denn eine Reise ist nicht gerade der richtige Zeitpunkt f\u00fcr eine Futterumstellung.<br \/>\nPausen m\u00fcssen unbedingt sein, die sind nicht nur f\u00fcr Hunde wichtig, auch Menschen brauchen zwischendurch Bewegung und eine Erfrischung. Eine Gassirunde tut jedem gut. Tipp: Denken Sie an eine kleine Notfallapotheke auch f\u00fcr Wuffi. Ein Erste-Hilfe-Set mit Wundkompressen, Verbandsp\u00e4ckchen und einer Zeckenzange ist hilfreich. Falls Ihr Vierbeiner Medikamente braucht, vergessen Sie nicht, sie in ausreichender Menge mitzunehmen.<br \/>\nDie Tourismusbranche hat sich l\u00e4ngst darauf eingestellt und inzwischen werden immer mehr hundefreundliche Urlaubsunterk\u00fcnfte angeboten.<\/p>\n<p>Weitere Infos erhalten Sie auch unter <a href=\"http:\/\/www.hundeurlaub.de\">www.hundeurlaub.de<\/a>, <a href=\"http:\/\/www.ostsee-schleswig-holstein.de\">www.ostsee-schleswig-holstein.de<\/a> und <a href=\"http:\/\/www.luebecker-bucht-ostsee.de\">www.luebecker-bucht-ostsee.de<\/a>.<br \/>\nDann mal viel Spa\u00df am Strand!<\/p>\n","protected":false},"excerpt":{"rendered":"<p>&#8230;wir d\u00fcrfen mit! Koffer packen und ab an die Ostsee. Da freut sich auch Ihr vierbeiniger Freund und steht sicher schon schwanzwedelnd neben Ihnen, wenn Sie Ihre Siebensachen zusammensuchen. An der L\u00fcbecker Bucht und im Binnenland sind auch Hunde herzlich willkommen. Sie d\u00fcrfen w\u00e4hrend der Hauptsaison zwar nicht \u00fcberall an den Strand, daf\u00fcr gibt es [&hellip;]<\/p>\n","protected":false},"author":1,"featured_media":0,"parent":7,"menu_order":1,"comment_status":"closed","ping_status":"closed","template":"","meta":{"footnotes":""},"class_list":["post-946","page","type-page","status-publish","hentry"],"_links":{"self":[{"href":"https:\/\/infoguide-online.de\/index.php?rest_route=\/wp\/v2\/pages\/946","targetHints":{"allow":["GET"]}}],"collection":[{"href":"https:\/\/infoguide-online.de\/index.php?rest_route=\/wp\/v2\/pages"}],"about":[{"href":"https:\/\/infoguide-online.de\/index.php?rest_route=\/wp\/v2\/types\/page"}],"author":[{"embeddable":true,"href":"https:\/\/infoguide-online.de\/index.php?rest_route=\/wp\/v2\/users\/1"}],"replies":[{"embeddable":true,"href":"https:\/\/infoguide-online.de\/index.php?rest_route=%2Fwp%2Fv2%2Fcomments&post=946"}],"version-history":[{"count":1,"href":"https:\/\/infoguide-online.de\/index.php?rest_route=\/wp\/v2\/pages\/946\/revisions"}],"predecessor-version":[{"id":948,"href":"https:\/\/infoguide-online.de\/index.php?rest_route=\/wp\/v2\/pages\/946\/revisions\/948"}],"up":[{"embeddable":true,"href":"https:\/\/infoguide-online.de\/index.php?rest_route=\/wp\/v2\/pages\/7"}],"wp:attachment":[{"href":"https:\/\/infoguide-online.de\/index.php?rest_route=%2Fwp%2Fv2%2Fmedia&parent=946"}],"curies":[{"name":"wp","href":"https:\/\/api.w.org\/{rel}","templated":true}]}}