{"id":960,"date":"2020-09-02T15:04:55","date_gmt":"2020-09-02T14:04:55","guid":{"rendered":"https:\/\/infoguide-online.de\/?page_id=960"},"modified":"2020-09-02T15:08:32","modified_gmt":"2020-09-02T14:08:32","slug":"rauf-aufs-fahrrad","status":"publish","type":"page","link":"https:\/\/infoguide-online.de\/?page_id=960","title":{"rendered":"Rauf aufs Fahrrad!"},"content":{"rendered":"<p><strong>Die sch\u00f6nste Art die L\u00fcbecker Bucht und das Achterland zu entdecken, ist die mit dem Radl unterwegs zu sein. Auf zwei R\u00e4dern erleben Sie die Vielfalt der nordischen Landschaft aufs Beste. Wir geben Ihnen hier einige Tipps, damit Ihr Ausflug zum besonderen Vergn\u00fcgen wird.<\/strong><\/p>\n<div id=\"attachment_961\" style=\"width: 810px\" class=\"wp-caption aligncenter\"><a href=\"https:\/\/infoguide-online.de\/wp-content\/uploads\/2020\/09\/Ostsee_Ferienland_Rad_Oliver-Franke.jpg\"><img loading=\"lazy\" decoding=\"async\" aria-describedby=\"caption-attachment-961\" class=\"size-full wp-image-961\" src=\"https:\/\/infoguide-online.de\/wp-content\/uploads\/2020\/09\/Ostsee_Ferienland_Rad_Oliver-Franke.jpg\" alt=\"\u00a9 Amt Lensahn, Oliver Franke\" width=\"800\" height=\"533\" srcset=\"https:\/\/infoguide-online.de\/wp-content\/uploads\/2020\/09\/Ostsee_Ferienland_Rad_Oliver-Franke.jpg 800w, https:\/\/infoguide-online.de\/wp-content\/uploads\/2020\/09\/Ostsee_Ferienland_Rad_Oliver-Franke-300x200.jpg 300w, https:\/\/infoguide-online.de\/wp-content\/uploads\/2020\/09\/Ostsee_Ferienland_Rad_Oliver-Franke-768x512.jpg 768w, https:\/\/infoguide-online.de\/wp-content\/uploads\/2020\/09\/Ostsee_Ferienland_Rad_Oliver-Franke-624x416.jpg 624w\" sizes=\"auto, (max-width: 800px) 100vw, 800px\" \/><\/a><p id=\"caption-attachment-961\" class=\"wp-caption-text\">\u00a9 Amt Lensahn, Oliver Franke<\/p><\/div>\n<p>Es wird viel getan in der Region, damit Sie entspannt zu Ihrem Ziel kommen. Radwegenetze und Service werden st\u00e4ndig verbessert, zum Beispiel zwischen Gr\u00f6mitz und Heiligenhafen. Dort sind seit Kurzem Lade- und Servicestationen f\u00fcr E-Bikes und Fahrr\u00e4der errichtet. Wackelt der Sattel oder geht Ihnen die Luft aus? Kein Problem. Abhilfe schaffen die Radstationen, an denen auch Akkus geladen werden k\u00f6nnen. Die Lokalen Tourismus-Organisationen (LTO) haben sich zusammengetan und von Gr\u00f6mitz bis Heiligenhafen die Infrastruktur ausgebaut. \u201eNeben Fahrradst\u00e4ndern sind zum Teil Ladeschr\u00e4nke mit abschlie\u00dfbaren Boxen zur Verf\u00fcgung gestellt. Diese haben ausreichend Platz f\u00fcr Akkus und k\u00f6nnen zur Aufbewahrung von anderen Gegenst\u00e4nden wie Helm oder Tasche dienen,\u201c sagt Joachim Gabriel, Gesch\u00e4ftsf\u00fchrer der LTO. Auch immer mehr Rastpl\u00e4tze f\u00fcr das P\u00e4uschen zwischendurch sind in der Region zu finden.<br \/>\nOstholstein und L\u00fcbeck bieten zahlreiche sch\u00f6ne Ecken, die mit dem Rad erkundet werden wollen. Rund um Scharbeutz und Timmendorfer Strand \u2013 entweder mit Blick auf die Ostsee oder einen romantischen See \u2013 entdecken Radler viele kleine Paradiese.<\/p>\n<p>Tipp: Unter <a href=\"http:\/\/www.luebecker-bucht-ostsee.de\">www.luebecker-bucht-ostsee.de<\/a> finden Sie Kartenmaterial f\u00fcr sch\u00f6nste Touren und viele Hinweise, wo es sich lohnt zu verschnaufen.<\/p>\n<p>Planen Sie eine l\u00e4ngere Tour, sind Bett &amp; Bike-Unterk\u00fcnfte angegeben. Unter \u201eBike Friends\u201c sind Betriebe angezeigt, die kostenlose Serviceleistungen rund ums Rad anbieten. Radeln Sie gem\u00fctlich mit Blick auf die Ostsee und frischer Meeresbrise um die Nase und entdecken Sie im Sommer auch das Achterland. Binnenland und Waterkant haben beide ihre Reize und sind gar nicht weit voneinander entfernt, sodass Sie sogar w\u00e4hrend Ihrer kleinen Radtour die unterschiedlichen Landschaften erleben k\u00f6nnen. Das Binnenland lockt mit kleinen W\u00e4ldern, Seen, Feldern und Wiesen. Zwischendurch machen Sie Halt an einem Hofcaf\u00e9 und lassen sich mit selbst gebackenem Kuchen verw\u00f6hnen.<\/p>\n<p>Zwei sch\u00f6ne Radtouren haben wir f\u00fcr Sie entdeckt. Aber es lohnt auch, auf eigene Faust die Region und vor allem Neuland zu erkunden \u2013 fernab der Hotspots.<\/p>\n<p><strong>Travem\u00fcnde &#8211; L\u00fcbeck ca. 18 km<br \/>\n<\/strong>Die Radtour von Travem\u00fcnde nach L\u00fcbeck ist etwa 18 Kilometer lang und dauert einen halben Tag. Dabei geht es durch die Waldhusener H\u00fcgellandschaft, zur Herreninsel und weiter entlang des alten Treidelpfades am S\u00fcdufer der Trave bis nach L\u00fcbeck.<br \/>\nStart ist der Priwallvorplatz in Travem\u00fcnde. \u00dcber die Ivendorfer Landstra\u00dfe geht es nach Ovendorf. Von dort \u00fcber die P\u00f6ppendorfer Hauptstra\u00dfe weiter bis zu den Bahngleisen, die sie \u00fcberqueren. Radeln Sie unter der B75 hindurch und folgen dem Kieselgrund. Jetzt ersetzt ein Bus-Shuttle rund um die Uhr den Fu\u00df- und Radweg. Alle 10 bis 15 Minuten bringt der Bus Sie kostenfrei und sicher durch den Herrentunnel.<br \/>\nHier angekommen erreichen Sie auf einem Schotterweg zwischen Traveufer und Sp\u00fclfeld einen Wanderweg, auf dem Sie sich im Wald rechts halten m\u00fcssen. Im romantischen Fischerdorf Gothmund biegen Sie links in den Gothmunder Weg und folgen weiter dem Fischerweg. Im Schellbruch folgen Sie einem Wanderweg und sp\u00e4ter \u00fcber den Glash\u00fcttenweg bis zur Bahnbr\u00fccke. Dort geht es rechts in die Travem\u00fcnder Allee bis zum Burgtor. Und schon sind Sie in L\u00fcbeck und k\u00f6nnen die Altstadt erkunden.<\/p>\n<p><strong>Waterkant-Tour<\/strong><br \/>\nBei dieser etwa 28 Kilometer langen Radtour geht es vorbei an verschiedenen Gew\u00e4ssern, die zahlreich im Binnenland zu finden sind. Neue Orte entdecken \u2013 auch abseits der Hotspots \u2013 und dazu noch die sch\u00f6ne Natur genie\u00dfen. Besser geht es kaum!<br \/>\nWer Abwechslung liebt, f\u00fcr denjenigen ist diese Tour genau richtig. Wiesen, W\u00e4lder, Seen und Meer. \u00dcbrigens radeln Sie zum Teil auf der Via Scandinavia, dem skandinavischen Jakobsweg. Gekennzeichnet ist er durch landschaftliche Sch\u00f6nheit. Von Neustadt geht es zun\u00e4chst nach \u00d6velg\u00f6nne. Genie\u00dfen Sie wundersch\u00f6ne Alleen auf dem Weg dorthin. In Oevelg\u00f6nne angekommen, finden Sie das Gut Oevelg\u00f6nne. Das windschiefe Torhaus des Guts ist einen Blick wert. Nach dem Hof Altona in Sierksdorf folgt der erste Seeblick. Am Gro\u00dfen P\u00f6nitzer See lohnt eine Pause; Sie erleben ein fantastisches Panorama. Auch die W\u00e4lder mit ihrer tollen Natur kommen nicht zu kurz. Von dort radeln Sie nach Scharbeutz direkt ans Meer. Vielleicht haben Sie Lust, in den D\u00fcnen eine Runde Minigolf zu spielen. Dann geht es weiter immer mit Blick auf die Ostsee \u00fcber Haffkrug und Sierksdorf wieder nach Neustadt.<\/p>\n<p><strong>Weitere Infos finden Sie unter:<br \/>\n<\/strong><a href=\"http:\/\/www.luebeck-tourismus.de\">www.luebeck-tourismus.de<\/a><br \/>\n<a href=\"http:\/\/www.groemitz.de\">www.groemitz.de<\/a><br \/>\n<a href=\"http:\/\/www.ostsee-schleswig-holstein.de\">www.ostsee-schleswig-holstein.de<\/a><br \/>\n<a href=\"http:\/\/www.luebecker-bucht-ostsee.de\">www.luebecker-bucht-ostsee.de<\/a><br \/>\n<a href=\"http:\/\/www.timmendorfer-strand.de\">www.timmendorfer-strand.de<\/a><br \/>\n<a href=\"http:\/\/www.groemitz.de\">www.groemitz.de<\/a><br \/>\n<a href=\"http:\/\/www.fehmarn.de\">www.fehmarn.de<\/a><\/p>\n","protected":false},"excerpt":{"rendered":"<p>Die sch\u00f6nste Art die L\u00fcbecker Bucht und das Achterland zu entdecken, ist die mit dem Radl unterwegs zu sein. Auf zwei R\u00e4dern erleben Sie die Vielfalt der nordischen Landschaft aufs Beste. Wir geben Ihnen hier einige Tipps, damit Ihr Ausflug zum besonderen Vergn\u00fcgen wird. Es wird viel getan in der Region, damit Sie entspannt zu [&hellip;]<\/p>\n","protected":false},"author":1,"featured_media":0,"parent":7,"menu_order":1,"comment_status":"closed","ping_status":"closed","template":"","meta":{"footnotes":""},"class_list":["post-960","page","type-page","status-publish","hentry"],"_links":{"self":[{"href":"https:\/\/infoguide-online.de\/index.php?rest_route=\/wp\/v2\/pages\/960","targetHints":{"allow":["GET"]}}],"collection":[{"href":"https:\/\/infoguide-online.de\/index.php?rest_route=\/wp\/v2\/pages"}],"about":[{"href":"https:\/\/infoguide-online.de\/index.php?rest_route=\/wp\/v2\/types\/page"}],"author":[{"embeddable":true,"href":"https:\/\/infoguide-online.de\/index.php?rest_route=\/wp\/v2\/users\/1"}],"replies":[{"embeddable":true,"href":"https:\/\/infoguide-online.de\/index.php?rest_route=%2Fwp%2Fv2%2Fcomments&post=960"}],"version-history":[{"count":2,"href":"https:\/\/infoguide-online.de\/index.php?rest_route=\/wp\/v2\/pages\/960\/revisions"}],"predecessor-version":[{"id":963,"href":"https:\/\/infoguide-online.de\/index.php?rest_route=\/wp\/v2\/pages\/960\/revisions\/963"}],"up":[{"embeddable":true,"href":"https:\/\/infoguide-online.de\/index.php?rest_route=\/wp\/v2\/pages\/7"}],"wp:attachment":[{"href":"https:\/\/infoguide-online.de\/index.php?rest_route=%2Fwp%2Fv2%2Fmedia&parent=960"}],"curies":[{"name":"wp","href":"https:\/\/api.w.org\/{rel}","templated":true}]}}