{"id":993,"date":"2020-09-20T08:33:35","date_gmt":"2020-09-20T07:33:35","guid":{"rendered":"https:\/\/infoguide-online.de\/?page_id=993"},"modified":"2022-08-03T15:53:55","modified_gmt":"2022-08-03T14:53:55","slug":"wasserspass-auf-meer-und-seen","status":"publish","type":"page","link":"https:\/\/infoguide-online.de\/?page_id=993","title":{"rendered":"Wasserspa\u00df im Norden"},"content":{"rendered":"<p><strong>Meist pr\u00e4sentiert sich die sommerliche L\u00fcbecker Bucht wie aus dem Bilderbuch: Blauer Himmel mit ein paar Sch\u00f6nwetterwolken am Horizont, eine leichte Brise kr\u00e4uselt die See und \u00fcberall herrscht ausgelassene Stimmung. Die Wassersportler haben gut lachen, denn die Bucht bietet ideale Bedingungen zum Segeln, Surfen, Kiten und f\u00fcrs angesagte SUP. Bei Ostwind spricht man hier sogar \u00fcber das Hawaii des Nordens.<br \/>\nSegler lieben die L\u00fcbecker Bucht. Und wer den sch\u00f6nen Sport lernen m\u00f6chte, ist hier ebenfalls genau richtig. Auch f\u00fcr die L\u00fctten gibt\u2019s spezielle Angebote mit Optimisten in den Ferien oder tageweise zu bestimmten Terminen. Zahlreiche Segelschulen an der gesamten K\u00fcste von Travem\u00fcnde bis Fehmarn und nat\u00fcrlich im Binnenland an den unz\u00e4hligen klaren Seen bieten unterschiedliche Kurse an. Wer mit dem eigenen Boot kommt, findet etliche komfortable Yachth\u00e4fen. Eine weitere M\u00f6glichkeit entdecken<br \/>\nSie bei besonderen Erlebnisangeboten auf Traditionsseglern oder modernen Yachten.<br \/>\n<\/strong><\/p>\n<div id=\"attachment_1168\" style=\"width: 1210px\" class=\"wp-caption aligncenter\"><a href=\"https:\/\/infoguide-online.de\/wp-content\/uploads\/2022\/08\/Wasserspass1\u00a9LTM.jpg\"><img loading=\"lazy\" decoding=\"async\" aria-describedby=\"caption-attachment-1168\" class=\"size-full wp-image-1168\" src=\"https:\/\/infoguide-online.de\/wp-content\/uploads\/2022\/08\/Wasserspass1\u00a9LTM.jpg\" alt=\"\u00a9LTM\" width=\"1200\" height=\"799\" srcset=\"https:\/\/infoguide-online.de\/wp-content\/uploads\/2022\/08\/Wasserspass1\u00a9LTM.jpg 1200w, https:\/\/infoguide-online.de\/wp-content\/uploads\/2022\/08\/Wasserspass1\u00a9LTM-300x200.jpg 300w, https:\/\/infoguide-online.de\/wp-content\/uploads\/2022\/08\/Wasserspass1\u00a9LTM-768x511.jpg 768w, https:\/\/infoguide-online.de\/wp-content\/uploads\/2022\/08\/Wasserspass1\u00a9LTM-1024x682.jpg 1024w, https:\/\/infoguide-online.de\/wp-content\/uploads\/2022\/08\/Wasserspass1\u00a9LTM-624x415.jpg 624w\" sizes=\"auto, (max-width: 1200px) 100vw, 1200px\" \/><\/a><p id=\"caption-attachment-1168\" class=\"wp-caption-text\">\u00a9LTM<\/p><\/div>\n<p><strong>SUP-Paradies Ostholstein<\/strong><\/p>\n<p>Stand-up-Paddling ist der Trendsport an der L\u00fcbecker Bucht. Wenn man erst einmal das Gleichgewicht halten kann, macht es richtig Spa\u00df, auf dem SUP-Board stehend mit dem Paddel \u00fcber die Ostsee zu gleiten. Lernen kann man den Sport in jedem Alter. Voraussetzung ist lediglich, dass Sie schwimmen k\u00f6nnen. \u00dcbrigens, auf dem SUP-Board steht man sicherer als auf dem Surfbrett. Wollen Sie SUP ausprobieren, gibt es an der Ostseek\u00fcste zahlreiche SUP-Verleihstationen und Kursangebote, zum Beispiel in Travem\u00fcnde, Timmendorfer Strand, Scharbeutz, Haffkrug, Sierksdorf, Pelzerhaken und Rettin. Auch in Gr\u00f6mitz und auf der Sonneninsel Fehmarn entdecken Sie SUP-Angebote.<\/p>\n<div id=\"attachment_1169\" style=\"width: 1210px\" class=\"wp-caption aligncenter\"><a href=\"https:\/\/infoguide-online.de\/wp-content\/uploads\/2022\/08\/Wasserspass2\u00a9tsg.jpg\"><img loading=\"lazy\" decoding=\"async\" aria-describedby=\"caption-attachment-1169\" class=\"size-full wp-image-1169\" src=\"https:\/\/infoguide-online.de\/wp-content\/uploads\/2022\/08\/Wasserspass2\u00a9tsg.jpg\" alt=\"\u00a9tsg\" width=\"1200\" height=\"800\" srcset=\"https:\/\/infoguide-online.de\/wp-content\/uploads\/2022\/08\/Wasserspass2\u00a9tsg.jpg 1200w, https:\/\/infoguide-online.de\/wp-content\/uploads\/2022\/08\/Wasserspass2\u00a9tsg-300x200.jpg 300w, https:\/\/infoguide-online.de\/wp-content\/uploads\/2022\/08\/Wasserspass2\u00a9tsg-768x512.jpg 768w, https:\/\/infoguide-online.de\/wp-content\/uploads\/2022\/08\/Wasserspass2\u00a9tsg-1024x683.jpg 1024w, https:\/\/infoguide-online.de\/wp-content\/uploads\/2022\/08\/Wasserspass2\u00a9tsg-624x416.jpg 624w\" sizes=\"auto, (max-width: 1200px) 100vw, 1200px\" \/><\/a><p id=\"caption-attachment-1169\" class=\"wp-caption-text\">\u00a9tsg<\/p><\/div>\n<p><strong>Tipp:<\/strong> Haben Sie Lust auf eine SUP-Sundowner-Tour auf dem P\u00f6nitzer See? Paddeln Sie dem Sonnenuntergang entgegen und genie\u00dfen Sie im Anschluss ein chilliges Zusammenkommen bei einem Erfrischungsgetr\u00e4nk. Das Board wird vor Ort gestellt. Infos dazu finden Sie unter www.luebecker-bucht-ostsee.de; dort k\u00f6nnen Sie auch einen Termin buchen.<\/p>\n<p><strong>Surfen, Kiten &amp; Co.<br \/>\n<\/strong>Begeisterte Wassersportler kommen immer wieder an die L\u00fcbecker Bucht.<br \/>\nOb Windsurfen oder Katamaransegeln \u2013 f\u00fcr jeden Geschmack ist etwas dabei. Anf\u00e4nger k\u00f6nnen die verschiedenen Wassersportarten in einem Kurs erlernen. Auch Aufbau- und Fortgeschrittenenkurse sowie Einzelstunden werden angeboten.<br \/>\nEinen Surf-Hotspot entdecken Sie etwa in Pelzerhaken. Ob Anf\u00e4nger, Amateur oder Profi: Wer einmal auf dem Surfboard stand und die Kraft des Windes im Segel sp\u00fcrte, den l\u00e4sst der Kick des \u00dcbers-Wasser-Gleitens so schnell nicht wieder los.<\/p>\n<div id=\"attachment_1170\" style=\"width: 1210px\" class=\"wp-caption aligncenter\"><a href=\"https:\/\/infoguide-online.de\/wp-content\/uploads\/2022\/08\/Wasserspass3K35A4070_1.jpg\"><img loading=\"lazy\" decoding=\"async\" aria-describedby=\"caption-attachment-1170\" class=\"size-full wp-image-1170\" src=\"https:\/\/infoguide-online.de\/wp-content\/uploads\/2022\/08\/Wasserspass3K35A4070_1.jpg\" alt=\"\u00a9 Kathi Schm\u00f6de\" width=\"1200\" height=\"1200\" srcset=\"https:\/\/infoguide-online.de\/wp-content\/uploads\/2022\/08\/Wasserspass3K35A4070_1.jpg 1200w, https:\/\/infoguide-online.de\/wp-content\/uploads\/2022\/08\/Wasserspass3K35A4070_1-150x150.jpg 150w, https:\/\/infoguide-online.de\/wp-content\/uploads\/2022\/08\/Wasserspass3K35A4070_1-300x300.jpg 300w, https:\/\/infoguide-online.de\/wp-content\/uploads\/2022\/08\/Wasserspass3K35A4070_1-768x768.jpg 768w, https:\/\/infoguide-online.de\/wp-content\/uploads\/2022\/08\/Wasserspass3K35A4070_1-1024x1024.jpg 1024w, https:\/\/infoguide-online.de\/wp-content\/uploads\/2022\/08\/Wasserspass3K35A4070_1-624x624.jpg 624w\" sizes=\"auto, (max-width: 1200px) 100vw, 1200px\" \/><\/a><p id=\"caption-attachment-1170\" class=\"wp-caption-text\">\u00a9 Kathi Schm\u00f6de<\/p><\/div>\n<p><strong>Tipps:<\/strong> Gerade auch f\u00fcr Neueinsteiger ist das flache Wasser an den Surfschulen perfekt geeignet. Wie w\u00e4r\u2019s mit einem Schnupperkurs? Einen Besuch wert ist ebenfalls der Wasserski- und Wakeboardpark S\u00fcsel.<\/p>\n<div id=\"attachment_1171\" style=\"width: 1210px\" class=\"wp-caption aligncenter\"><a href=\"https:\/\/infoguide-online.de\/wp-content\/uploads\/2022\/08\/wasserspass4\u00a9M.Ebert-292.jpg\"><img loading=\"lazy\" decoding=\"async\" aria-describedby=\"caption-attachment-1171\" class=\"size-full wp-image-1171\" src=\"https:\/\/infoguide-online.de\/wp-content\/uploads\/2022\/08\/wasserspass4\u00a9M.Ebert-292.jpg\" alt=\"\u00a9M.Ebert\" width=\"1200\" height=\"800\" srcset=\"https:\/\/infoguide-online.de\/wp-content\/uploads\/2022\/08\/wasserspass4\u00a9M.Ebert-292.jpg 1200w, https:\/\/infoguide-online.de\/wp-content\/uploads\/2022\/08\/wasserspass4\u00a9M.Ebert-292-300x200.jpg 300w, https:\/\/infoguide-online.de\/wp-content\/uploads\/2022\/08\/wasserspass4\u00a9M.Ebert-292-768x512.jpg 768w, https:\/\/infoguide-online.de\/wp-content\/uploads\/2022\/08\/wasserspass4\u00a9M.Ebert-292-1024x683.jpg 1024w, https:\/\/infoguide-online.de\/wp-content\/uploads\/2022\/08\/wasserspass4\u00a9M.Ebert-292-624x416.jpg 624w\" sizes=\"auto, (max-width: 1200px) 100vw, 1200px\" \/><\/a><p id=\"caption-attachment-1171\" class=\"wp-caption-text\">\u00a9M.Ebert<\/p><\/div>\n<p><strong>Mit dem Ausflugsschiff unterwegs<br \/>\n<\/strong>F\u00fcr alle die einfach nur chillen wollen oder vom Sport nicht so angetan sind &#8211; gehen Sie mal auf Minikreuzfahrt und lassen Sie sich gem\u00fctlich \u00fcber die L\u00fcbecker Bucht schippern. Fahrgastschiffe legen an vielen K\u00fcstenorten an wie in Niendorf oder Gr\u00f6mitz. Die Hansestadt mit ihren typischen Backsteingiebeln und den sieben Kircht\u00fcrmen vom Wasser aus mit einem Fahrgastschiff zu erkunden, ist ebenfalls ein besonderes Erlebnis. Wer gern die Holsteinische Schweiz kennenlernen m\u00f6chte, macht mit bei der 5-Seen-Fahrt.<br \/>\nVon Travem\u00fcnde nach L\u00fcbeck und zur\u00fcck gelangen Sie mit der MS Hanse und der MS Hansa dreimal t\u00e4glich. Die Panoramaschiffe legen von der Kaiserbr\u00fccke ab und gleiten durch immer enger werdende Gew\u00e4sser hinauf nach L\u00fcbeck. Entlang der sch\u00f6nen Kulisse Travem\u00fcndes Vorderreihe geht es anschlie\u00dfend vorbei am Yachthafen und Skandinavienkai. <a href=\"https:\/\/infoguide-online.de\/wp-content\/uploads\/2022\/08\/Wassersapass5\u00a9Hanseschifffahrt_IMG_6408.jpg\"><img loading=\"lazy\" decoding=\"async\" class=\"aligncenter size-full wp-image-1167\" src=\"https:\/\/infoguide-online.de\/wp-content\/uploads\/2022\/08\/Wassersapass5\u00a9Hanseschifffahrt_IMG_6408.jpg\" alt=\"\" width=\"1200\" height=\"902\" srcset=\"https:\/\/infoguide-online.de\/wp-content\/uploads\/2022\/08\/Wassersapass5\u00a9Hanseschifffahrt_IMG_6408.jpg 1200w, https:\/\/infoguide-online.de\/wp-content\/uploads\/2022\/08\/Wassersapass5\u00a9Hanseschifffahrt_IMG_6408-300x226.jpg 300w, https:\/\/infoguide-online.de\/wp-content\/uploads\/2022\/08\/Wassersapass5\u00a9Hanseschifffahrt_IMG_6408-768x577.jpg 768w, https:\/\/infoguide-online.de\/wp-content\/uploads\/2022\/08\/Wassersapass5\u00a9Hanseschifffahrt_IMG_6408-1024x770.jpg 1024w, https:\/\/infoguide-online.de\/wp-content\/uploads\/2022\/08\/Wassersapass5\u00a9Hanseschifffahrt_IMG_6408-624x469.jpg 624w\" sizes=\"auto, (max-width: 1200px) 100vw, 1200px\" \/><\/a><\/p>\n<p>Wenn Sie Lust auf eine einst\u00fcndige See- und Hafenrundfahrt haben, sind Sie auch auf der MS Hansa bestens aufgehoben. Die Tour geht hinaus auf die Ostsee mit Blick in die L\u00fcbecker Bucht, auf das Brodtener Steilufer und den langen Priwallstrand. Anschlie\u00dfend schippern Sie zur\u00fcck zum gr\u00f6\u00dften F\u00e4hrhafen Europas, k\u00f6nnen die gro\u00dfen \u201eP\u00f6tte\u201c aus n\u00e4chster N\u00e4he betrachten und haben eine grandiose Aussicht auf das idyllische Landschaftsschutzgebiet S\u00fcdlicher Priwall.<\/p>\n<p><strong>Ein Spass f\u00fcr Gross und Klein<br \/>\nKanu-Vermietung <\/strong><strong>Eutin<br \/>\n<\/strong>Bei der Kanu-Vermietung Eutin gibt es keine weiten Wege und komplizierten Bootstransporte. &#8222;Auf der Schwentine von Eutin nach Kiel: Das ist die sch\u00f6nste Strecke&#8220;, schw\u00e4rmt Tino Keusen, der den Familienbetrieb seit 2015 leitet. F\u00fcr die gro\u00dfe Tour durch zahlreiche Seen und unber\u00fchrte Naturlandschaften sollten sich Paddler ein paar Tage Zeit nehmen, r\u00e4t Keusen. Schlie\u00dflich lohne sich auch der Ausflug in die St\u00e4dte Bad Malente, Pl\u00f6n und Preetz. &#8222;Aber selbstverst\u00e4ndlich k\u00f6nnen Urlauber Kanus, Kajaks oder Kanadier auch f\u00fcr eine Tagestour<br \/>\nmieten&#8220;, betont der versierte Kanute. Neu ist die SUP- Vermietung.<br \/>\nDie Parkpl\u00e4tze an der Einsatzstelle, direkt um die Ecke vom Laden, sind kostenfrei. Hobby-Paddler k\u00f6nnen den R\u00fccktransport auf Wunsch dazu buchen. Im Mietpreis enthalten sind Paddel, Schwimmhilfen, P\u00fctz und Gep\u00e4cktonne.<\/p>\n<div id=\"attachment_1173\" style=\"width: 1210px\" class=\"wp-caption aligncenter\"><a href=\"https:\/\/infoguide-online.de\/wp-content\/uploads\/2022\/08\/Wasserspass5\u00a9www.bootekeusen.de_.jpg\"><img loading=\"lazy\" decoding=\"async\" aria-describedby=\"caption-attachment-1173\" class=\"size-full wp-image-1173\" src=\"https:\/\/infoguide-online.de\/wp-content\/uploads\/2022\/08\/Wasserspass5\u00a9www.bootekeusen.de_.jpg\" alt=\"\u00a9www.bootekeusen.de\" width=\"1200\" height=\"750\" srcset=\"https:\/\/infoguide-online.de\/wp-content\/uploads\/2022\/08\/Wasserspass5\u00a9www.bootekeusen.de_.jpg 1200w, https:\/\/infoguide-online.de\/wp-content\/uploads\/2022\/08\/Wasserspass5\u00a9www.bootekeusen.de_-300x188.jpg 300w, https:\/\/infoguide-online.de\/wp-content\/uploads\/2022\/08\/Wasserspass5\u00a9www.bootekeusen.de_-768x480.jpg 768w, https:\/\/infoguide-online.de\/wp-content\/uploads\/2022\/08\/Wasserspass5\u00a9www.bootekeusen.de_-1024x640.jpg 1024w, https:\/\/infoguide-online.de\/wp-content\/uploads\/2022\/08\/Wasserspass5\u00a9www.bootekeusen.de_-624x390.jpg 624w\" sizes=\"auto, (max-width: 1200px) 100vw, 1200px\" \/><\/a><p id=\"caption-attachment-1173\" class=\"wp-caption-text\">\u00a9www.bootekeusen.de<\/p><\/div>\n<p>Im Verkauf f\u00fchrt Keusen ein breites Sortiment Kajaks, Kanus, SUPs und Zubeh\u00f6r.<br \/>\nAb sofort auch mit SUP-Vermietung.<br \/>\nAlle Infos finden Sie auf der Website unter <a href=\"http:\/\/www.bootekeusen.de\">www.bootekeusen.de<\/a><br \/>\n<strong>Kanu-Vermietung Keusen &#8211; Tino Keusen <\/strong><br \/>\n<strong>Sielbecker Landstra\u00dfe 17, 23701 Eutin-Fissau, Telefon: 04521 &#8211; 42 01<\/strong><\/p>\n<p><strong>Romantische 5-Seen-Fahrt<br \/>\n<\/strong>Die Holsteinische Schweiz mit ihren 200 Seen geh\u00f6rt zu den sch\u00f6nsten Urlaubsregionen Norddeutschlands. Sie wollen sie einmal aus einer ganz besonderen Perspektive<br \/>\nkennenlernen? Dann empfehlen wir die 5-Seen-Fahrt mit den Ausflugsschiffen der wei\u00dfen Flotte. Wie die Fahrt es schon sagt, entdecken Sie f\u00fcnf der sch\u00f6nsten Seen Schleswig-Holsteins.<br \/>\nDie schnittigen Schiffe schl\u00e4ngeln sich durch enge Passagen, die auf beiden Seiten mit Schilf bewachsen sind, um dann den Blick auf eine blaue Perle nach der anderen zu \u00f6ffnen. Auf einer Strecke von zw\u00f6lf Kilometern gleiten Sie gem\u00fctlich \u00fcber den Diek-, Langen-, Behler-, H\u00f6ft- und Edebergsee. Sie passieren geheimnisvolle Inseln und liebliche Buchten mit seltenen Wasserv\u00f6geln. <a href=\"http:\/\/www.5-seen-fahrt.de\">www.5-seen-fahrt.de<\/a><\/p>\n<div id=\"attachment_1172\" style=\"width: 1210px\" class=\"wp-caption aligncenter\"><a href=\"https:\/\/infoguide-online.de\/wp-content\/uploads\/2022\/08\/Wasserspass6\u00a9-www.5-seen-fahrt.de_.jpg\"><img loading=\"lazy\" decoding=\"async\" aria-describedby=\"caption-attachment-1172\" class=\"size-full wp-image-1172\" src=\"https:\/\/infoguide-online.de\/wp-content\/uploads\/2022\/08\/Wasserspass6\u00a9-www.5-seen-fahrt.de_.jpg\" alt=\"\u00a9www.5-seen-fahrt.de\" width=\"1200\" height=\"800\" srcset=\"https:\/\/infoguide-online.de\/wp-content\/uploads\/2022\/08\/Wasserspass6\u00a9-www.5-seen-fahrt.de_.jpg 1200w, https:\/\/infoguide-online.de\/wp-content\/uploads\/2022\/08\/Wasserspass6\u00a9-www.5-seen-fahrt.de_-300x200.jpg 300w, https:\/\/infoguide-online.de\/wp-content\/uploads\/2022\/08\/Wasserspass6\u00a9-www.5-seen-fahrt.de_-768x512.jpg 768w, https:\/\/infoguide-online.de\/wp-content\/uploads\/2022\/08\/Wasserspass6\u00a9-www.5-seen-fahrt.de_-1024x683.jpg 1024w, https:\/\/infoguide-online.de\/wp-content\/uploads\/2022\/08\/Wasserspass6\u00a9-www.5-seen-fahrt.de_-624x416.jpg 624w\" sizes=\"auto, (max-width: 1200px) 100vw, 1200px\" \/><\/a><p id=\"caption-attachment-1172\" class=\"wp-caption-text\">\u00a9www.5-seen-fahrt.de<\/p><\/div>\n<p>Weitere Infos finden Sie unter:<br \/>\n<a href=\"http:\/\/www.ostsee-schleswig-holstein.de\">www.ostsee-schleswig-holstein.de<\/a><br \/>\n<a href=\"http:\/\/www.luebecker-bucht-ostsee.de\">www.luebecker-bucht-ostsee.de<\/a><br \/>\n<a href=\"http:\/\/www.timmendorfer-strand.de\">www.timmendorfer-strand.de<\/a><br \/>\n<a href=\"http:\/\/www.travemuende-tourismus.de\">www.travemuende-tourismus.de<\/a><br \/>\n<a href=\"http:\/\/www.luebeck-tourismus.de\">www.luebeck-tourismus.de<\/a><br \/>\n<a href=\"http:\/\/www.groemitz.de\">www.groemitz.de<\/a><br \/>\n<a href=\"http:\/\/www.heiligenhafen-touristik.de\">www.heiligenhafen-touristik.de<\/a><br \/>\n<a href=\"http:\/\/www.fehmarn.de\">www.fehmarn.de<\/a><br \/>\n<a href=\"http:\/\/www.holsteinischeschweiz.de\">www.holsteinischeschweiz.de<\/a><br \/>\n<a href=\"http:\/\/www.hanseschifffahrt.de\">www.hanseschifffahrt.de<\/a><br \/>\n<a href=\"http:\/\/www.suesel-seeparx.de\">www.suesel-seeparx.de<\/a><\/p>\n<p>&nbsp;<\/p>\n","protected":false},"excerpt":{"rendered":"<p>Meist pr\u00e4sentiert sich die sommerliche L\u00fcbecker Bucht wie aus dem Bilderbuch: Blauer Himmel mit ein paar Sch\u00f6nwetterwolken am Horizont, eine leichte Brise kr\u00e4uselt die See und \u00fcberall herrscht ausgelassene Stimmung. Die Wassersportler haben gut lachen, denn die Bucht bietet ideale Bedingungen zum Segeln, Surfen, Kiten und f\u00fcrs angesagte SUP. Bei Ostwind spricht man hier sogar [&hellip;]<\/p>\n","protected":false},"author":1,"featured_media":0,"parent":7,"menu_order":0,"comment_status":"closed","ping_status":"closed","template":"","meta":{"footnotes":""},"class_list":["post-993","page","type-page","status-publish","hentry"],"_links":{"self":[{"href":"https:\/\/infoguide-online.de\/index.php?rest_route=\/wp\/v2\/pages\/993","targetHints":{"allow":["GET"]}}],"collection":[{"href":"https:\/\/infoguide-online.de\/index.php?rest_route=\/wp\/v2\/pages"}],"about":[{"href":"https:\/\/infoguide-online.de\/index.php?rest_route=\/wp\/v2\/types\/page"}],"author":[{"embeddable":true,"href":"https:\/\/infoguide-online.de\/index.php?rest_route=\/wp\/v2\/users\/1"}],"replies":[{"embeddable":true,"href":"https:\/\/infoguide-online.de\/index.php?rest_route=%2Fwp%2Fv2%2Fcomments&post=993"}],"version-history":[{"count":3,"href":"https:\/\/infoguide-online.de\/index.php?rest_route=\/wp\/v2\/pages\/993\/revisions"}],"predecessor-version":[{"id":1174,"href":"https:\/\/infoguide-online.de\/index.php?rest_route=\/wp\/v2\/pages\/993\/revisions\/1174"}],"up":[{"embeddable":true,"href":"https:\/\/infoguide-online.de\/index.php?rest_route=\/wp\/v2\/pages\/7"}],"wp:attachment":[{"href":"https:\/\/infoguide-online.de\/index.php?rest_route=%2Fwp%2Fv2%2Fmedia&parent=993"}],"curies":[{"name":"wp","href":"https:\/\/api.w.org\/{rel}","templated":true}]}}